s 1000 - -1100001000010000011000?
1100001000010000100000
In base 6, what is 1010 + -150321?
-145311
In base 3, what is 20 - -11220022021210121?
11220022021210211
In base 16, what is -f00b - -8c?
-ef7f
In base 16, what is -4 + 726937?
726933
In base 6, what is -4255250 - -54?
-4255152
In base 5, what is -10 - 434412143?
-434412203
In base 2, what is -1011111101011 - -101100000?
-1011010001011
In base 10, what is 6 - -111512?
111518
In base 4, what is -11 + -32231202120?
-32231202131
In base 16, what is -35d4 - -24b7?
-111d
In base 8, what is 1423 - -12002?
13425
In base 5, what is -414220 - -10113?
-404102
In base 15, what is -173ee9b - -1?
-173ee9a
In base 5, what is 142241311 - 130?
142241131
In base 5, what is 1103231 - -2314?
1111100
In base 13, what is 89b + 29992?
2a560
In base 11, what is 5 - 8a564?
-8a55a
In base 8, what is -677642 + 102?
-677540
In base 10, what is -45 + 59228?
59183
In base 15, what is -55b8e4 - 20?
-55b914
In base 9, what is 880 + 11430?
12420
In base 8, what is 731 + 214274?
215225
In base 9, what is -236522 + -2?
-236524
In base 13, what is -3ca63 - 2669?
-423cc
In base 12, what is -3310b + 419?
-328b2
In base 15, what is 35bbdc0 - 7?
35bbdb8
In base 2, what is -10010010100011000011 - -1001101101?
-10010010011001010110
In base 9, what is 5 + -5005353?
-5005347
In base 14, what is -5 + 3d60a3?
3d609c
In base 16, what is -be5 - -44bd?
38d8
In base 11, what is 24198257 + 6?
24198262
In base 4, what is -11203 + 21111321?
21100112
In base 12, what is -272a880 - -2?
-272a87a
In base 10, what is -387776 + 920?
-386856
In base 10, what is 213249 - -2?
213251
In base 5, what is 44302241 + 32?
44302323
In base 6, what is -105 + 55434413?
55434304
In base 13, what is -178b7a + 143?
-178a37
In base 6, what is -3220551 + -5?
-3221000
In base 10, what is 3814634 + -8?
3814626
In base 13, what is -c - -b75ca?
b75bb
In base 10, what is 24 + -348414?
-348390
In base 4, what is 112111333000313 + 3?
112111333000322
In base 8, what is 3 - -10166117?
10166122
In base 6, what is -125431303 - 2?
-125431305
In base 6, what is 234323132 + 450?
234324022
In base 7, what is 21 - 12035154?
-12035133
In base 10, what is -25 + -960346?
-960371
In base 16, what is -36 + -8b8bf?
-8b8f5
In base 13, what is 18323 + 346?
18669
In base 9, what is 7850414 - -51?
7850465
In base 3, what is 1110201202 - -101011?
1111002220
In base 4, what is 323213220 - 320?
323212300
In base 7, what is -404032662 - -5?
-404032654
In base 2, what is -11111 - -1000001010010001110101?
1000001010010001010110
In base 15, what is -d + -2a2e6a?
-2a2e78
In base 16, what is -15 - e19f?
-e1b4
In base 14, what is 177 - -7462?
75d9
In base 16, what is 7d + f284?
f301
In base 7, what is 24 - -51450153?
51450210
In base 12, what is -20a77 + -113?
-20b8a
In base 11, what is -13224084 - -3?
-13224081
In base 5, what is -4411101440 - -3?
-4411101432
In base 9, what is -147 + 42587?
42440
In base 5, what is -434102420213 - 3?
-434102420221
In base 10, what is 20 - 25821?
-25801
In base 9, what is -175276 + -3048?
-178335
In base 12, what is 29573 - -116?
29689
In base 4, what is -121 + 100113110030?
100113103303
In base 11, what is -1120171 + 48?
-1120124
In base 14, what is -2a1 + 15d?
-142
In base 8, what is 31 + 302043?
302074
In base 11, what is -3076 - 159?
-3224
In base 7, what is -266465460 - 3?
-266465463
In base 6, what is 320 - -131112224?
131112544
In base 2, what is -101010001 + -11110110001100111?
-11110110110111000
In base 16, what is -12486b2 + 6?
-12486ac
In base 2, what is 1011101001100010011100010 + 100?
1011101001100010011100110
In base 10, what is 2 + -210533251?
-210533249
In base 9, what is -335331 + 40?
-335281
In base 4, what is -12120321101 - -20030?
-12120301011
In base 3, what is -1112 + 120012020220?
120012012101
In base 15, what is -2708a754 - 5?
-2708a759
In base 6, what is 10332113 - -1140?
10333253
In base 9, what is -10437 - -10454?
16
In base 10, what is 27551628 - 5?
27551623
In base 7, what is -22644 - 3412?
-26356
In base 12, what is -3603708 + 3?
-3603705
In base 5, what is -21323121 + 104443?
-21213123
In base 5, what is 1124 + -43321220?
-43320041
In base 13, what is -16060957 + -2?
-16060959
In base 12, what is -1 + 7394336?
7394335
In base 6, what is -105 - -402514?
402405
In base 13, what is -287 + 40bb1?
40927
In base 2, what is -10 + -10010110101000101101011?
-10010110101000101101101
In base 4, what is 11 - -31033322331?
31033323002
In base 13, what is 620c + -11c5?
5017
In base 16, what is 3a15d97 + -1?
3a15d96
In base 10, what is -24 - 771553?
-771577
In base 3, what is 221220200111101 + 11?
221220200111112
In base 2, what is 111111100100101000000 - 110?
111111100100100111010
In base 14, what is 184 - -1a891?
1aa35
In base 11, what is -292577 + 21?
-292556
In base 12, what is 23 + 4b3848?
4b386b
In base 13, what is -1 - 2473a3?
-2473a4
In base 14, what is 0 + 913ad?
913ad
In base 8, what is -22407 - 1265?
-23674
In base 12, what is -2 - -46111a0?
461119a
In base 15, what is 1ea110a - 4?
1ea1106
In base 11, what is -4 - -57348a?
573486
In base 14, what is -a9a21 + ca?
-a9935
In base 11, what is 0 + -97a49934?
-97a49934
In base 14, what is 0 - -2035b0?
2035b0
In base 11, what is -52 + -3336?
-3388
In base 15, what is -2d33 + aa?
-2c78
In base 6, what is 10204554000 - 2?
10204553554
In base 15, what is -11 - -2e7c2b?
2e7c1a
In base 5, what is 123004113 + 403?
123010021
In base 9, what is -15342112 + 23?
-15342078
In base 5, what is 3342423330 - -301?
3342424131
In base 13, what is 1 - -cb633?
cb634
In base 5, what is 2010000243 - 0?
2010000243
In base 8, what is -4 + 57243210?
57243204
In base 7, what is 25 + 1344646?
1345004
In base 15, what is 5c5 - -12ed?
18c3
In base 15, what is -8 + 104bd3?
104bca
In base 5, what is -132 + 1112022?
1111340
In base 11, what is -193826297 + -5?
-1938262a1
In base 9, what is -3 + 24240264?
24240261
In base 12, what is -438a + 7302?
2b34
In base 15, what is -2 + -2d9cb5?
-2d9cb7
In base 10, what is 1325688 - 23?
1325665
In base 9, what is -374231 - 34?
-374265
In base 8, what is -13 - -2267340?
2267325
In base 15, what is 5304954 - 0?
5304954
In base 15, what is -54cd93 - 5?
-54cd98
In base 4, what is -121 - -102101111211?
102101111030
In base 12, what is 177665 + 1?
177666
In base 14, what is 4000 - -1939?
5939
In base 11, what is -490 + -359566?
-359a46
In base 3, what is -111201012101101 + 2?
-111201012101022
In base 9, what is -5 + -80381285?
-80381301
In base 12, what is -648b290 + -24?
-648b2b4
In base 6, what is -35 + -4050342?
-4050421
In base 16, what is 36936 - -8?
3693e
In base 6, what is -10352 - -204?
-10144
In base 2, what is -101011 + -1101110001111111101?
-1101110010000101000
In base 7, what is 152 + 12643311?
12643463
In base 15, what is 84a1648 - -5?
84a164d
In base 10, what is -131563 - -7486?
-124077
In base 8, what is -151 + 100322?
100151
In base 7, what is -16 + 1232061?
1232042
In base 9, what is -52278613 + 3?
-52278610
In base 9, what is 1815215 + 43?
1815258
In base 8, what is -147 + -362157?
-362326
In base 2, what is -100000001111101101101 - -1101?
-100000001111101100000
In base 12, what is 24ba25 - -152?
24bb77
In base 12, what is 21a3589 - 0?
21a3589
In base 14, what is -9aca72d + 5?
-9aca728
In base 8, what is -4516101 + -3?
-4516104
In base 6, what is 42412 + 20154?
103010
In base 7, what is 112362450 + 4?
112362454
In base 3, what is -1101001021120110 - 12?
-1101001021120122
In base 14, what is 10 - 66477b?
-66476b
In base 3, what is -221121121022000 - -10?
-221121121021220
In base 2, what is 1100110 + 1000000111100111011110?
1000000111101001000100
In base 9, what is 5868 + -4151?
1717
In base 15, what is 2 - 40b785?
-40b783
In base 6, what is 224122 + -2411?
221311
In base 2, what is -1000101 + -1111010010000001?
-1111010011000110
In base 4, what is -20303 - 10332001033?
-10332022002
In base 14, what is -48c45 - 2126?
-4ad6b
In base 12, what is -1bbb617 + 7?
-1bbb610
In base 15, what is -baed1 + 272?
-bac5e
In base 4, what is -12 - -221112001012?
221112001000
In base 6, what is -533554254 - 3?
-533554301
In base 16, what is -1b36f2c - -8?
-1b36f24
In base 15, what is 7b0d + -1bb?
7942
In base 4, what is 33300022020 - 1101?
33300020313
In base 2, what is 1010100000110010